e hundreds digit of 164424550?
5
What is the ten millions digit of 93782447?
9
What is the ten thousands digit of 423916434?
1
What is the tens digit of 1752562?
6
What is the hundreds digit of 31682275?
2
What is the hundred thousands digit of 86705792?
7
What is the billions digit of 4145456321?
4
What is the ten millions digit of 3410273626?
1
What is the ten thousands digit of 411921366?
2
What is the ten thousands digit of 206096156?
9
What is the hundreds digit of 84024403?
4
What is the tens digit of 101572537?
3
What is the ten thousands digit of 92785152?
8
What is the thousands digit of 1718185190?
5
What is the millions digit of 567879157?
7
What is the units digit of 45475214?
4
What is the units digit of 22327674?
4
What is the units digit of 72045410?
0
What is the units digit of 38093477?
7
What is the millions digit of 11119897?
1
What is the billions digit of 2816658312?
2
What is the hundreds digit of 6188767?
7
What is the millions digit of 801187003?
1
What is the units digit of 36711763?
3
What is the ten millions digit of 57200850?
5
What is the tens digit of 1356518791?
9
What is the hundreds digit of 543152761?
7
What is the millions digit of 859500081?
9
What is the ten millions digit of 2304138025?
0
What is the units digit of 189351877?
7
What is the tens digit of 1345423723?
2
What is the hundred millions digit of 303705120?
3
What is the tens digit of 142667792?
9
What is the hundred millions digit of 591289892?
5
What is the tens digit of 1034045947?
4
What is the hundreds digit of 35901342?
3
What is the units digit of 412742754?
4
What is the millions digit of 258414800?
8
What is the hundreds digit of 30562020?
0
What is the millions digit of 107368559?
7
What is the hundreds digit of 146332681?
6
What is the ten millions digit of 136400593?
3
What is the millions digit of 125139871?
5
What is the tens digit of 128601825?
2
What is the ten millions digit of 1625626236?
2
What is the millions digit of 15877890?
5
What is the hundreds digit of 2816195329?
3
What is the tens digit of 20116003?
0
What is the hundred thousands digit of 415311468?
3
What is the ten thousands digit of 4701787850?
8
What is the ten thousands digit of 380605958?
0
What is the hundreds digit of 452078412?
4
What is the millions digit of 234700999?
4
What is the units digit of 180220456?
6
What is the hundred millions digit of 261123311?
2
What is the hundred thousands digit of 384926393?
9
What is the tens digit of 63793618?
1
What is the ten millions digit of 60328619?
6
What is the tens digit of 546634434?
3
What is the hundreds digit of 248946185?
1
What is the hundred thousands digit of 2544313406?
3
What is the hundreds digit of 196372258?
2
What is the millions digit of 47632112?
7
What is the tens digit of 113233607?
0
What is the millions digit of 159394566?
9
What is the ten thousands digit of 36576405?
7
What is the hundreds digit of 18581360?
3
What is the hundred thousands digit of 109959769?
9
What is the ten thousands digit of 75334046?
3
What is the units digit of 236184471?
1
What is the ten millions digit of 8381629012?
8
What is the ten thousands digit of 850062120?
6
What is the units digit of 375132465?
5
What is the units digit of 491974135?
5
What is the hundred thousands digit of 51986468?
9
What is the ten thousands digit of 627208924?
0
What is the ten thousands digit of 19675161?
7
What is the tens digit of 203607100?
0
What is the hundred thousands digit of 763761034?
7
What is the hundreds digit of 127597733?
7
What is the units digit of 161445386?
6
What is the hundred thousands digit of 288878500?
8
What is the hundred millions digit of 300772667?
3
What is the ten thousands digit of 295103938?
0
What is the hundred thousands digit of 7726471?
7
What is the hundred thousands digit of 176174727?
1
What is the millions digit of 8476465?
8
What is the ten millions digit of 120834670?
2
What is the hundred thousands digit of 1291144590?
1
What is the ten millions digit of 228802662?
2
What is the units digit of 822240195?
5
What is the tens digit of 6906399?
9
What is the ten millions digit of 401145141?
0
What is the hundreds digit of 857116111?
1
What is the millions digit of 699202123?
9
What is the units digit of 107250803?
3
What is the millions digit of 55842777?
5
What is the tens digit of 5205247118?
1
What is the ten millions digit of 1048153228?
4
What is the ten thousands digit of 1159717?
5
What is the hundred millions digit of 929938969?
9
What is the ten millions digit of 115159635?
1
What is the tens digit of 724779124?
2
What is the units digit of 48392097?
7
What is the units digit of 131779636?
6
What is the billions digit of 2158246853?
2
What is the tens digit of 197207214?
1
What is the hundred thousands digit of 142343123?
3
What is the hundreds digit of 2853072602?
6
What is the millions digit of 282935111?
2
What is the hundred thousands digit of 294696750?
6
What is the ten thousands digit of 1106752599?
5
What is the millions digit of 454317773?
4
What is the units digit of 4991530851?
1
What is the hundreds digit of 164090847?
8
What is the millions digit of 31180677?
1
What is the ten thousands digit of 1067478377?
7
What is the hundreds digit of 519741197?
1
What is the tens digit of 146812572?
7
What is the hundreds digit of 77184989?
9
What is the hundreds digit of 4939566784?
7
What is the hundred thousands digit of 103094618?
0
What is the hundred thousands digit of 1172040983?
0
What is the hundred millions digit of 183454409?
1
What is the ten thousands digit of 5491222?
9
What is the tens digit of 60887404?
0
What is the ten millions digit of 132451471?
3
What is the tens digit of 481615800?
0
What is the ten thousands digit of 306204008?
0
What is the tens digit of 63611376?
7
What is the thousands digit of 1663256560?
6
What is the thousands digit of 89756053?
6
What is the ten millions digit of 36213158?
3
What is the billions digit of 1070042224?
1
What is the units digit of 2144624399?
9
What is the ten millions digit of 2738773016?
3
What is the tens digit of 95511651?
5
What is the ten millions digit of 21341628?
2
What is the hundred thousands digit of 2748550691?
5
What is the units digit of 115869315?
5
What is the ten thousands digit of 535458512?
5
What is the tens digit of 1957043604?
0
What is the units digit of 686702465?
5
What is the ten thousands digit of 186327966?
2
What is the millions digit of 357556996?
7
What is the ten millions digit of 3240191611?
4
What is the hundred thousands digit of 5488868253?
8
What is the billions digit of 3712009008?
3
What is the ten millions digit of 388783559?
8
What is the millions digit of 37284105?
7
What is the units digit of 1601588176?
6
What is the units digit of 48509473?
3
What is the millions digit of 445942038?
5
What is the hundreds digit of 1178067665?
6
What is the hundreds digit of 52804084?
0
What is the ten thousands digit of 1060671097?
7
What is the hundred millions digit of 1985626423?
9
What is the hundreds digit of 304264228?
2
What is the hundreds digit of 1971463938?
9
What is the hundred thousands digit of 156302511?
3
What is the tens digit of 262129394?
9
What is the hundreds digit of 11512277?
2
What is the ten millions digit of 21939852?
2
What is the units digit of 848134?
4
What is the units digit of 48239793?
3
What is the tens digit of 579489845?
4
What is the units digit of 696960319?
9
What is the units digit of 1621844684?
4
What is the units digit of 1832813905?
5
What is the billions digit of 1813722559?
1
What is the thousands digit of 89901314?
1
What is the units digit of 98095822?
2
What is the billions digit of 2252892282?
2
What is the hundred millions digit of 456969516?
4
What is the ten millions digit of 36838383?
3
What is the hundred thousands digit of 1761557946?
5
What is the thousands digit of 866877837?
7
What is the tens digit of 23725683?
8
What is the ten thousands digit of 85373648?
7
What is the ten millions digit of 57191070?
5
What is the ten millions digit of 4580624914?
8
What is the ten millions digit of 55415311?
5
What is the ten thousands digit of 879071846?
7
What is the ten thousands digit of 75856344?
5
What is the millions digit of 1867150834?
7
Wha